182?
True
Is 55614648 a multiple of 498?
True
Does 531 divide 142776873?
True
Does 5 divide 42734619?
False
Does 12 divide 41997744?
True
Is 98961710 a multiple of 5?
True
Is 19 a factor of 7093061?
True
Does 160 divide 59755840?
True
Is 15 a factor of 32414879?
False
Is 1495 a factor of 221152360?
True
Is 166494265 a multiple of 28?
False
Is 507774060 a multiple of 15?
True
Is 24563507 a multiple of 122?
False
Is 11090756 a multiple of 19?
True
Is 288444 a multiple of 6?
True
Does 45 divide 308610?
True
Does 47 divide 8841781?
True
Is 2301624 a multiple of 78?
True
Is 61341201 a multiple of 53?
False
Does 39 divide 12714702?
True
Does 17 divide 1328699503?
False
Does 133 divide 35843512?
False
Does 26 divide 26802542?
True
Does 14 divide 7874160?
True
Is 1803843413 a multiple of 20?
False
Is 766 a factor of 378244672?
True
Does 23 divide 112713731?
True
Is 1358 a factor of 176834951?
False
Does 70 divide 11376960?
True
Does 2842 divide 120673266?
False
Does 10 divide 8913082?
False
Does 11 divide 66839259?
False
Is 14 a factor of 670435528?
True
Is 129 a factor of 21973108?
False
Is 233188683 a multiple of 2962?
False
Does 201 divide 1181762097?
False
Does 3 divide 9140078?
False
Is 1611921 a multiple of 48?
False
Does 65 divide 16930875?
True
Is 1739 a factor of 303847068?
False
Does 28 divide 499515464?
True
Is 539446641 a multiple of 1217?
False
Does 13 divide 63144489?
False
Does 225 divide 585601?
False
Does 30 divide 18378589?
False
Does 144 divide 60330816?
True
Does 72 divide 137496016?
False
Is 18 a factor of 1250581474?
False
Is 21178207 even?
False
Is 400443264 a multiple of 624?
True
Does 4 divide 300113165?
False
Does 6 divide 519910925?
False
Is 1137160 a multiple of 1573?
False
Is 342895048 a multiple of 75?
False
Is 489570941 a multiple of 47?
True
Does 9 divide 120500811?
True
Is 139 a factor of 178167672?
False
Does 434 divide 68019518?
True
Is 24814080 a multiple of 1728?
True
Is 13 a factor of 1658316597?
False
Does 50 divide 105208164?
False
Is 165 a factor of 308209770?
True
Is 353 a factor of 12742937?
False
Is 487 a factor of 613940933?
True
Is 23 a factor of 302664848?
False
Does 243 divide 6337197?
True
Is 49043544 a multiple of 2706?
True
Is 18878964 a multiple of 66?
False
Is 735 a factor of 18320610?
True
Is 370 a factor of 15728330?
True
Does 1916 divide 838960836?
True
Is 645387354 a multiple of 9?
True
Does 223 divide 100353568?
True
Is 68709490 a multiple of 1642?
True
Is 225053080 a multiple of 980?
True
Is 4 a factor of 213371880?
True
Is 266 a factor of 1728734?
True
Is 52371104 a multiple of 1432?
True
Is 2707925693 a multiple of 9374?
False
Does 120 divide 97948917?
False
Does 2585 divide 218780834?
False
Is 1740 a factor of 1535730960?
True
Is 2521499258 a multiple of 163?
False
Is 122224855 a multiple of 2821?
False
Does 8 divide 21558248?
True
Does 15 divide 673425891?
False
Is 34 a factor of 28503152?
True
Is 594 a factor of 103361346?
True
Is 150828339 a multiple of 10?
False
Is 12794 a factor of 3142449486?
True
Is 164272810 a multiple of 65?
True
Does 130 divide 34861840?
True
Is 194909436 a multiple of 5404?
False
Is 300 a factor of 6820353?
False
Is 2282127639 a multiple of 627?
True
Does 204 divide 5365404?
True
Is 35848920 a multiple of 408?
True
Does 186 divide 254079348?
True
Is 1695960 a multiple of 4?
True
Does 8933 divide 198804762?
False
Is 1212603282 a multiple of 1062?
True
Is 16 a factor of 1270239100?
False
Is 97 a factor of 825426544?
True
Does 1148 divide 34690264?
True
Does 15 divide 68767665?
True
Does 40 divide 1863739?
False
Is 4 a factor of 15222?
False
Is 40991550 a multiple of 15?
True
Does 499 divide 49571658?
True
Is 471 a factor of 82314786?
True
Is 2677 a factor of 160784458?
False
Is 3 a factor of 799218?
True
Does 1950 divide 650432250?
True
Does 338 divide 915450310?
False
Does 15 divide 59154720?
True
Is 4078386 a multiple of 26?
True
Is 629828061 a multiple of 29?
True
Is 134637629 a multiple of 20?
False
Does 154 divide 37304911?
False
Does 6610 divide 533631910?
True
Does 8014 divide 263492306?
True
Is 72029350 a multiple of 165?
False
Is 83544306 a multiple of 41?
True
Does 146 divide 1681875032?
True
Is 618085155 a multiple of 1515?
True
Does 1239 divide 96774244?
False
Is 1836 a factor of 36946859?
False
Does 34 divide 102268461?
False
Is 26769118 a multiple of 24?
False
Is 41 a factor of 26881259?
False
Does 2114 divide 101081401?
False
Is 394438572 a multiple of 385?
False
Does 199 divide 8347851?
True
Does 2390 divide 736034015?
False
Does 8 divide 585065392?
True
Does 157 divide 27544551?
True
Is 1086 a factor of 1495122264?
True
Does 6 divide 6668268?
True
Is 42 a factor of 16892820?
True
Is 1759952020 a multiple of 107?
False
Does 94 divide 1282934278?
True
Is 64838278 a multiple of 132?
False
Is 569637949 a multiple of 2266?
False
Is 326 a factor of 1564474?
True
Is 61203103 a multiple of 758?
False
Is 44335391 a multiple of 7?
False
Is 29 a factor of 316845329?
True
Does 10 divide 299458385?
False
Is 375 a factor of 563797875?
True
Is 9928251 a multiple of 7?
False
Is 2159 a factor of 155825940?
False
Is 4 a factor of 94111922?
False
Does 72 divide 1458803?
False
Does 247 divide 1677624?
True
Does 131 divide 100414775?
True
Is 124 a factor of 1696125?
False
Is 58886938 a multiple of 8?
False
Is 55560450 a multiple of 11325?
True
Is 1643 a factor of 3138977788?
True
Does 541 divide 1805534090?
False
Is 2231268 a multiple of 26?
True
Is 1500868888 a multiple of 202?
True
Is 917400440 a multiple of 611?
False
Is 112 a factor of 492041172?
False
Is 2770053918 a multiple of 81?
False
Is 39084658 a multiple of 16?
False
Is 305 a factor of 59648850?
True
Does 16 divide 493969461?
False
Is 1042714 a multiple of 205?
False
Is 285378660 a multiple of 252?
True
Is 1065115870 a multiple of 35?
True
Is 76950260 a multiple of 673?
False
Does 36 divide 30979152?
True
Is 18 a factor of 9201834?
True
Is 737161888 a multiple of 34?
True
Is 140175183 a multiple of 449?
False
Is 3023 a factor of 311450621?
True
Is 28646520 a multiple of 420?
True
Does 15 divide 1295268465?
True
Is 5 a factor of 223188630?
True
Does 1118 divide 49782154?
False
Does 637 divide 10265892?
True
Is 2276731 a multiple of 63?
False
Does 14 divide 85344077?
False
Is 52 a factor of 55337105?
False
Is 583281949 a multiple of 1517?
True
Is 23 a factor of 231322477?
True
Does 435 divide 1747528492?
False
Does 773 divide 211216419?
False
Is 161432306 a multiple of 44?
False
Is 18 a factor of 39410874?
True
Is 31 a factor of 999130?
True
Does 3299 divide 8057531?
False
Is 977 a factor of 308771450?
False
Does 292 divide 300557475?
False
Is 76 a factor of 138618984?
True
Is 5 a factor of 844601517?
False
Is 165 a factor of 733532330?
False
Does 227 divide 16062513?
False
Does 9 divide 6158820870?
True
Is 27190689 a multiple of 12?
False
Is 791 a factor of 26010453?
True
Does 1890 divide 103284774?
False
Is 901 a factor of 26904761?
True
Is 11 a factor of 2440661894?
True
Is 3307 a factor of 133753100?
False
Is 61363158 a multiple of 17?
False
Is 125 a factor of 160527243?
False
Does 386 divide 7075766?
True
Is 50 a factor of 41750992?
False
Is 23 a factor of 3029836?
True
Is 275 a factor of 26232480?
False
Is 10626960 a multiple of 16?
True
Is 480 a factor of 18414715?
False
Is 121 a factor of 349861941?
True
Does 4 divide 1098120504?
True
Does 61 divide 10964591?
False
Is 8435 a factor of 1863696380?
True
Does 52 divide 94933008?
False
Is 92 a factor of 561614736?
True
Is 1159 a factor of 14284441?
False
Does 539 divide 629602712?
False
Is 669 a factor of 120451685?
False
Does 1657 divide 432891092?
False
Is 5 a factor of 6607411?
False
Is 35570833 a multiple of 1493?
False
Is 46194073 a multiple of 2?
False
Is 204458952 a multiple of 1853?
False
Does 25 divide 10124875?
True
Is 1609 a factor of 215450277?
False
Does 3 divide 260146933?
False
Is 9 a factor of 5896649?
False
Does 83 divide 40737876?
False
Does 44 divide 93457012?
True
Is 86 a factor of 877511664?
True
Is 43711512 a multiple of 312?
True
Does 1710 divide 87217?
False
Is 538 a factor of 109483000?
True
Is 498319125 a multiple of 123?
True
Is 147 a factor of 108831744?
True
Is 8066010 a multiple of 10?
True
Is 1202632920 a multiple of 32